{"id":358,"date":"2016-04-04T08:53:07","date_gmt":"2016-04-04T08:53:07","guid":{"rendered":"http:\/\/demo.olevmedia.net\/eventerra\/?page_id=358"},"modified":"2024-04-30T17:10:49","modified_gmt":"2024-04-30T17:10:49","slug":"seminaret","status":"publish","type":"page","link":"https:\/\/wayofpeace.al\/fshu2024\/index.php\/seminaret\/","title":{"rendered":"Seminaret"},"content":{"rendered":"<p>[vc_row][vc_column][om_agenda][om_agenda_day title=&#8221;ORA 16:00 &#8211; 17:00&#8243; date=&#8221;1 MAJ&#8221;][om_agenda_item icon_fontawesome=&#8221;&#8221; speaker_links=&#8221;&#8221; title=&#8221;M\u00ebsime nga Historia e Reformacionit&#8221; room=&#8221;Salla 3 &#8211; Kati posht\u00eb&#8221; speaker_ids=&#8221;583&#8243;][\/om_agenda_item][om_agenda_item icon_fontawesome=&#8221;&#8221; speaker_links=&#8221;&#8221; title=&#8221;E V\u00ebrteta p\u00ebr Kryq\u00ebzatat&#8221; room=&#8221;Salla 7 &#8211; Kati 0&#8243; speaker_ids=&#8221;584&#8243;][\/om_agenda_item][om_agenda_item icon_fontawesome=&#8221;&#8221; speaker_links=&#8221;&#8221; title=&#8221;5 M\u00ebnyra Praktike Si t\u00eb Rizgjojm\u00eb Besimtar\u00ebt t\u2019i P\u00ebrkushtohen Lutjes&#8221; room=&#8221;Salla 6 &#8211; Kati posht\u00eb&#8221; speaker_ids=&#8221;585&#8243;][\/om_agenda_item][om_agenda_item icon_fontawesome=&#8221;&#8221; speaker_links=&#8221;&#8221; title=&#8221;P\u00ebrfitimet e Klubeve t\u00eb Predikimit&#8221; room=&#8221;Salla 5 &#8211; Kati posht\u00eb&#8221; speaker_ids=&#8221;586&#8243;][\/om_agenda_item][om_agenda_item icon_fontawesome=&#8221;&#8221; speaker_links=&#8221;&#8221; title=&#8221;Virtyti si\u00e7 Parashtrohet n\u00eb Bib\u00ebl&#8221; room=&#8221;Salla 4 &#8211; Kati posht\u00eb&#8221; speaker_ids=&#8221;587&#8243;][\/om_agenda_item][om_agenda_item icon_fontawesome=&#8221;&#8221; speaker_links=&#8221;&#8221; title=&#8221;Aft\u00ebsi Kujdesi Pastoral p\u00ebr Kish\u00ebn&#8221; room=&#8221;Salla 1 &#8211; Kati posht\u00eb&#8221; speaker_ids=&#8221;588&#8243;][\/om_agenda_item][om_agenda_item icon_fontawesome=&#8221;&#8221; speaker_links=&#8221;&#8221; title=&#8221;T\u00eb Rritur t\u00eb Paq\u00ebndruesh\u00ebm Emocionalisht: nga Vijn\u00eb dhe si Mund t\u2019i Ndihmojm\u00eb&#8221; room=&#8221;Salla 2 &#8211; Kati posht\u00eb&#8221; speaker_ids=&#8221;589&#8243;][\/om_agenda_item][om_agenda_item icon_fontawesome=&#8221;&#8221; speaker_links=&#8221;&#8221; title=&#8221;Konsumimi, Sindroma e Djegies n\u00eb Pun\u00eb dhe Sh\u00ebrbes\u00eb&#8221; room=&#8221;Salla 10 &#8211; Kati posht\u00eb&#8221; speaker_ids=&#8221;590&#8243;][\/om_agenda_item][\/om_agenda_day][\/om_agenda][om_agenda][om_agenda_day color=&#8221;om-accent-color-2&#8243; title=&#8221;17:30 \u2013 18:30&#8243; date=&#8221;1 MAJ&#8221;][om_agenda_item icon_fontawesome=&#8221;&#8221; speaker_links=&#8221;&#8221; title=&#8221;Depresioni dhe Ankthi: Qasje Jomjek\u00ebsore p\u00ebr Sh\u00ebrim&#8221; room=&#8221;Salla 2 &#8211; Kati posht\u00eb&#8221; speaker_ids=&#8221;589&#8243;][\/om_agenda_item][om_agenda_item icon_fontawesome=&#8221;&#8221; speaker_links=&#8221;&#8221; title=&#8221;Inteligjenca Artificiale dhe R\u00ebnd\u00ebsia e Kish\u00ebs&#8221; room=&#8221;Salla 7 &#8211; Kati 0&#8243; speaker_ids=&#8221;591&#8243;][\/om_agenda_item][om_agenda_item icon_fontawesome=&#8221;&#8221; speaker_links=&#8221;&#8221; title=&#8221;Si t\u00eb Predikojm\u00eb dhe M\u00ebsojm\u00eb Dhembshurin\u00eb e Krishter\u00eb&#8221; room=&#8221;Salla 1 &#8211; Kati posht\u00eb&#8221; speaker_ids=&#8221;588&#8243;][\/om_agenda_item][om_agenda_item icon_fontawesome=&#8221;&#8221; speaker_links=&#8221;&#8221; title=&#8221;Si t\u00eb Gjejm\u00eb Frym\u00ebzim p\u00ebr Predikimin&#8221; room=&#8221;Salla 5 &#8211; Kati posht\u00eb&#8221; speaker_ids=&#8221;586&#8243;][\/om_agenda_item][om_agenda_item icon_fontawesome=&#8221;&#8221; speaker_links=&#8221;&#8221; title=&#8221;C. S. Lewis dhe Apologjetika e Rr\u00ebfimit&#8221; room=&#8221;Salla 4 &#8211; Kati posht\u00eb&#8221; speaker_ids=&#8221;587&#8243;][\/om_agenda_item][om_agenda_item icon_fontawesome=&#8221;&#8221; speaker_links=&#8221;&#8221; title=&#8221;Ungjillizimi P\u00ebrmes Artit&#8221; room=&#8221;Salla 3 &#8211; Kati posht\u00eb&#8221; speaker_ids=&#8221;592&#8243;][\/om_agenda_item][\/om_agenda_day][\/om_agenda][\/vc_column][\/vc_row][vc_row][vc_column][vc_empty_space][\/vc_column][\/vc_row]<\/p>\n","protected":false},"excerpt":{"rendered":"<p>[vc_row][vc_column][om_agenda][om_agenda_day title=&#8221;ORA 16:00 &#8211; 17:00&#8243; date=&#8221;1 MAJ&#8221;][om_agenda_item icon_fontawesome=&#8221;&#8221; speaker_links=&#8221;&#8221; title=&#8221;M\u00ebsime nga Historia e Reformacionit&#8221; room=&#8221;Salla 3 &#8211; Kati posht\u00eb&#8221; speaker_ids=&#8221;583&#8243;][\/om_agenda_item][om_agenda_item icon_fontawesome=&#8221;&#8221; speaker_links=&#8221;&#8221; title=&#8221;E V\u00ebrteta p\u00ebr&hellip;<\/p>\n<p><a href=\"https:\/\/wayofpeace.al\/fshu2024\/index.php\/seminaret\/\" class=\"read-more-link\"><span class=\"read-more-icon\"><\/span>Read more<\/a><\/p>\n","protected":false},"author":1,"featured_media":0,"parent":0,"menu_order":0,"comment_status":"closed","ping_status":"closed","template":"","meta":{"footnotes":""},"class_list":["post-358","page","type-page","status-publish","hentry"],"_links":{"self":[{"href":"https:\/\/wayofpeace.al\/fshu2024\/index.php\/wp-json\/wp\/v2\/pages\/358","targetHints":{"allow":["GET"]}}],"collection":[{"href":"https:\/\/wayofpeace.al\/fshu2024\/index.php\/wp-json\/wp\/v2\/pages"}],"about":[{"href":"https:\/\/wayofpeace.al\/fshu2024\/index.php\/wp-json\/wp\/v2\/types\/page"}],"author":[{"embeddable":true,"href":"https:\/\/wayofpeace.al\/fshu2024\/index.php\/wp-json\/wp\/v2\/users\/1"}],"replies":[{"embeddable":true,"href":"https:\/\/wayofpeace.al\/fshu2024\/index.php\/wp-json\/wp\/v2\/comments?post=358"}],"version-history":[{"count":17,"href":"https:\/\/wayofpeace.al\/fshu2024\/index.php\/wp-json\/wp\/v2\/pages\/358\/revisions"}],"predecessor-version":[{"id":651,"href":"https:\/\/wayofpeace.al\/fshu2024\/index.php\/wp-json\/wp\/v2\/pages\/358\/revisions\/651"}],"wp:attachment":[{"href":"https:\/\/wayofpeace.al\/fshu2024\/index.php\/wp-json\/wp\/v2\/media?parent=358"}],"curies":[{"name":"wp","href":"https:\/\/api.w.org\/{rel}","templated":true}]}}