{"id":626,"date":"2024-04-27T15:49:11","date_gmt":"2024-04-27T15:49:11","guid":{"rendered":"https:\/\/wayofpeace.al\/fshu2024\/?page_id=626"},"modified":"2024-04-27T16:54:25","modified_gmt":"2024-04-27T16:54:25","slug":"sesionet","status":"publish","type":"page","link":"https:\/\/wayofpeace.al\/fshu2024\/index.php\/sesionet\/","title":{"rendered":"Sesionet Kryesore"},"content":{"rendered":"<p>[vc_row][vc_column][vc_custom_heading text=&#8221;Sesioni I \u2013 E mart\u00eb | 30 prill |  20:30&#8243; text_additional=&#8221;\u201cRuaje t\u00eb V\u00ebrtet\u00ebn me Nd\u00ebrgjegje t\u00eb Past\u00ebr\u201d (1 Timoteut 1:18-20, 2 Timoteut 2:15-19)&#8221;][vc_separator][vc_custom_heading text=&#8221;Sesioni II \u2013 E m\u00ebrkur\u00eb | 1 maj | 08:45&#8243; text_additional=&#8221;\u201cSh\u00ebrbe si Sh\u00ebrb\u00ebtor Besnik\u201d (Luka 12:41-48, 1 Korintasve 4:1-2)&#8221;][vc_separator][vc_custom_heading text=&#8221;Sesioni III \u2013 E m\u00ebrkur\u00eb | 1 maj | 20:30&#8243; text_additional=&#8221;\u201cJi i K\u00ebnaqur\u201d (Filipian\u00ebve 4:4-13)&#8221;][vc_separator][vc_custom_heading text=&#8221;Sesioni III \u2013 E m\u00ebrkur\u00eb | 1 maj | 20:30&#8243; text_additional=&#8221;\u201cJi i K\u00ebnaqur\u201d (Filipian\u00ebve 4:4-13)&#8221;][vc_separator][vc_custom_heading text=&#8221;Sesioni IV \u2013 E enjte 2 maj | 08:45&#8243; text_additional=&#8221;\u201cRuaje Tuf\u00ebn e Per\u00ebndis\u00eb\u201d (Gjoni 10:1-10)&#8221;][\/vc_column][\/vc_row][vc_row][vc_column][vc_empty_space][\/vc_column][\/vc_row]<\/p>\n","protected":false},"excerpt":{"rendered":"<p>[vc_row][vc_column][vc_custom_heading text=&#8221;Sesioni I \u2013 E mart\u00eb | 30 prill | 20:30&#8243; text_additional=&#8221;\u201cRuaje t\u00eb V\u00ebrtet\u00ebn me Nd\u00ebrgjegje t\u00eb Past\u00ebr\u201d (1 Timoteut 1:18-20, 2 Timoteut 2:15-19)&#8221;][vc_separator][vc_custom_heading text=&#8221;Sesioni&hellip;<\/p>\n<p><a href=\"https:\/\/wayofpeace.al\/fshu2024\/index.php\/sesionet\/\" class=\"read-more-link\"><span class=\"read-more-icon\"><\/span>Read more<\/a><\/p>\n","protected":false},"author":1,"featured_media":0,"parent":0,"menu_order":0,"comment_status":"closed","ping_status":"closed","template":"","meta":{"footnotes":""},"class_list":["post-626","page","type-page","status-publish","hentry"],"_links":{"self":[{"href":"https:\/\/wayofpeace.al\/fshu2024\/index.php\/wp-json\/wp\/v2\/pages\/626","targetHints":{"allow":["GET"]}}],"collection":[{"href":"https:\/\/wayofpeace.al\/fshu2024\/index.php\/wp-json\/wp\/v2\/pages"}],"about":[{"href":"https:\/\/wayofpeace.al\/fshu2024\/index.php\/wp-json\/wp\/v2\/types\/page"}],"author":[{"embeddable":true,"href":"https:\/\/wayofpeace.al\/fshu2024\/index.php\/wp-json\/wp\/v2\/users\/1"}],"replies":[{"embeddable":true,"href":"https:\/\/wayofpeace.al\/fshu2024\/index.php\/wp-json\/wp\/v2\/comments?post=626"}],"version-history":[{"count":10,"href":"https:\/\/wayofpeace.al\/fshu2024\/index.php\/wp-json\/wp\/v2\/pages\/626\/revisions"}],"predecessor-version":[{"id":644,"href":"https:\/\/wayofpeace.al\/fshu2024\/index.php\/wp-json\/wp\/v2\/pages\/626\/revisions\/644"}],"wp:attachment":[{"href":"https:\/\/wayofpeace.al\/fshu2024\/index.php\/wp-json\/wp\/v2\/media?parent=626"}],"curies":[{"name":"wp","href":"https:\/\/api.w.org\/{rel}","templated":true}]}}